 prime factors of (2/8)/((-560)/(-72489536)) - 6/(-10).
2, 11, 1471
Suppose -6*n = 311 - 323. List the prime factors of (-1 + n + 553)*(-3 - -5).
2, 277
Let y be (-2)/(((-4)/(-6))/(543/(-9))). Let c = -2 + y. Let i = c + -105. What are the prime factors of i?
2, 37
Suppose 2*x - 51017 - 664113 = -11*x. What are the prime factors of x?
2, 5, 5501
What are the prime factors of 55257/(-226)*(-380)/3?
2, 5, 19, 163
Suppose -3*v = -3*n - 15039, -34*v + 4*n + 10030 = -32*v. List the prime factors of v.
5011
Suppose -4*j = i + 957, 0 = 3*i - 5*j + 2238 + 718. Let d = i + 1462. What are the prime factors of d?
5, 97
Let b = 456 - 452. Let i(h) = h**3 - 8*h**2 - 8*h - 9. Let w be i(9). Suppose z + b = w, -z = s + 3*s - 980. List the prime factors of s.
2, 3, 41
Let s be (-7 + 1)/(0 + -2). Let j(i) = -3 - i**2 + 5 + s + 4*i**2 - 5*i. What are the prime factors of j(5)?
5, 11
Let d = 5200 + 23. List the prime factors of d.
3, 1741
Let c(b) = 551*b**2 - 183*b + 950. List the prime factors of c(5).
2, 5, 1381
Let u(t) = -25*t**3 + 15*t**2 + 34*t + 10. What are the prime factors of u(-6)?
2, 13, 17
Let k(q) = 8*q**2 - 18*q - 75. Let m(o) = -4*o**2 + 8*o + 38. Let s(r) = 3*k(r) + 5*m(r). List the prime factors of s(-4).
5, 17
Suppose -15473 = -5*d + 4*k, 3*d - 4*k = 8*d - 15497. List the prime factors of d.
19, 163
List the prime factors of (3 - 114/15)*-2265.
3, 23, 151
Let q(n) = n**2 + 14*n + 1. Let r(d) = -d**3 + 8*d**2 - 10*d + 8. Let c be r(7). Let z be q(c). List the prime factors of (-6)/z + 141/2.
71
Let n(q) = -8 + 6*q**2 - 4 - 9 - 1086*q + 1073*q. Suppose -35 = -9*h + 4*h. What are the prime factors of n(h)?
2, 7, 13
Let y = -219 + 141. What are the prime factors of 69*y/(-9) - (-3 - 1)?
2, 7, 43
Let p(n) = 5*n**3 - 2*n**2 - 9*n - 3. Let c(k) = 4*k**3 - 2*k**2 - 8*k - 4. Let f = 37 - 42. Let u(x) = f*p(x) + 6*c(x). What are the prime factors of u(-6)?
3, 17
Let v(q) = 3*q**2 - 7*q - 6. Let b(o) = -o. Let l(m) = 3*b(m) - v(m). Let h be l(4). Let y = 40 + h. What are the prime factors of y?
2, 7
Suppose 354*t = 353*t - u + 776, -4*u = -5*t + 3916. What are the prime factors of t?
2, 3, 5, 13
List the prime factors of -295*(-1853)/935 - 8/(-22).
3, 5, 13
Suppose 4*a + 4*f - 114184 = 0, -2*a - 72*f = -71*f - 57089. List the prime factors of a.
17, 23, 73
Let c be (-3)/(6/(-16))*(-13)/26. Let l be 1825/55 + c/22. Let p = 11 + l. What are the prime factors of p?
2, 11
Suppose -2264*k + 104710 = -2254*k. What are the prime factors of k?
37, 283
Let r(d) = -46751*d**3 + 6*d**2 + 5*d - 3. Let i be r(-1). Suppose 4533 + i = 42*b. List the prime factors of b.
3, 11, 37
Suppose -1090*m - 5*f - 18925 = -1092*m, -5*f = 2*m - 18995. What are the prime factors of m?
2, 3, 5, 79
Let y(i) = 321*i**3 - 4*i**2 - 5*i - 1. Let k be y(-1). Let t = k + 946. List the prime factors of t.
5
Let h(w) = -w**3 - 51*w**2 - 415*w - 140. What are the prime factors of h(-51)?
5, 29
Let l be 8*((-23)/3)/(3/9). Let w = l - -717. List the prime factors of w.
13, 41
Suppose 1 - 51 = -10*b. Suppose -16 = -i + b*l + 9, 0 = i - 4*l - 30. Suppose 0 = 49*h - i*h + 117. List the prime factors of h.
3, 13
What are the prime factors of 2828210/231*1/(-5)*18/(-4)?
3, 3673
Suppose -3*b + b = 26. Let w(r) = -r + 3. Let p(o) = o**3 + 13*o**2 + 3*o - 33. Let k(d) = p(d) + 5*w(d). List the prime factors of k(b).
2
Let b(s) = -s**2 + 49*s - 180*s + 20 + 68*s. What are the prime factors of b(-23)?
2, 5, 47
Let q(n) = 2*n**3 - n**2 - 16*n - 6. Let d be q(-4). Let s = -59 - d. What are the prime factors of s?
3
Let r(y) = 38*y**2 + 3*y + 37. Let i be r(6). Suppose 2*p + 2*j = 4*j + 1422, -2*p = -3*j - i. List the prime factors of p.
2, 5, 71
Let i(x) = 102*x - 1861. Let b be i(17). Let d = -8 - -5. What are the prime factors of 2*d/2 - b?
2, 31
Suppose -5*u = -7*u - 4*c + 8, u = c - 5. List the prime factors of (u/8)/(2*(-7)/5656).
101
What are the prime factors of 18012320/1248 - 6/(-117)?
3, 17, 283
What are the prime factors of (-33715)/(-3)*(-966)/(-805)?
2, 11, 613
Suppose 5*v - 42365 = 9420. What are the prime factors of v?
10357
Let m = 45 + -49. Let l be m/(-34) + 2388/(-68). Let w = 67 + l. What are the prime factors of w?
2
Suppose 2*h = 3*p - 83 - 2, -5*p + 139 = -2*h. Suppose -p*g + 35*g = 224. List the prime factors of g.
2, 7
Let a(o) = 61*o**3 + 19*o**2 - 130*o - 95. List the prime factors of a(9).
101, 443
Suppose 0 = 5*m - 4*f - 57 - 94, -5*f - 20 = 0. Suppose 3*i = 956 + 16. Suppose -i = -30*n + m*n. List the prime factors of n.
2, 3
Let b(h) = -2*h**2 - 8*h + 25. Let o be b(-6). Let a be 4 - (-2)/o - -1. What are the prime factors of (a - 8/1)*95/(-1)?
5, 19
Let m = -2229 - -2491. List the prime factors of m.
2, 131
Let n = -40 - -44. Suppose 4*r - w = 2693, r - 903 + 251 = -n*w. What are the prime factors of r?
2, 3, 7
Suppose -o - 15240 = -5*l, -2*l + 2*o + 6096 = -2*o. List the prime factors of l.
2, 3, 127
Suppose 524*t - 11805421 = 211*t. What are the prime factors of t?
37717
Let z(f) = -8*f + 58. Suppose -17*k + 120 = -22*k. Let l be z(k). Let t = l - 138. What are the prime factors of t?
2, 7
Suppose -54*l = -222904 - 510146. What are the prime factors of l?
3, 5, 181
Let u = -5784 + 17963. What are the prime factors of u?
19, 641
Suppose 23 = -6*h + 11. List the prime factors of (270 + (h - 0))*(-7)/(-7).
2, 67
Let w be (-3)/(-6)*14 + -2. Let a = 761 - 671. Suppose -5*l - a = -5*s, 0 = w*s - l + 3*l - 118. What are the prime factors of s?
2, 11
Suppose -8894*p + 8898*p = 0. Let a(t) = t**3 + t**2. Let u be a(0). Suppose p = 4*m + 4*y - 304, 3*m + 2*y - 232 = -u*m. What are the prime factors of m?
2, 5
Let s(z) = 3598*z**2 - 166*z - 331. List the prime factors of s(-2).
37, 389
Suppose n - 2*k = 2241, 4 - 9 = 5*k. List the prime factors of n.
2239
Suppose -915 = 13*x - 9755. Suppose -3*y - 3*h = -4*y + 210, 0 = -3*y - h + x. List the prime factors of y.
3, 5
Let c(b) = b**3 - 26*b**2 - 98*b + 74. What are the prime factors of c(32)?
2, 23, 67
Suppose -67*j + 62*j + 50 = 5*x, -x = 4*j - 25. Let q(y) = 7*y + 161. What are the prime factors of q(x)?
2, 7
Let q = 20705 + -13343. What are the prime factors of q?
2, 3, 409
Let i(m) = 43*m - 4. Let z = 104 + -160. Let l be (1 - 27/(-21)) + 16/z. What are the prime factors of i(l)?
2, 41
Suppose 3*u + 6*p = 13413, 2*p = 6*p - 4. List the prime factors of u.
41, 109
Let s be 2718/2 - (5 - -1). Suppose 2*a - 789 = -q - 247, s = 5*a + 2*q. What are the prime factors of a?
269
Let u = -26 - -32. Suppose s - 3*a = u*s - 2486, -5*a + 2490 = 5*s. List the prime factors of s/6 - (-2)/(-3).
2, 41
Let b(z) = 139*z**3 + 10*z**2 - 47*z + 181. What are the prime factors of b(4)?
9049
Let t(d) = -d**2 + 2*d + 6086. Let a be t(0). Suppose 3*w + c - a = -621, -3*c = -3*w + 5457. What are the prime factors of w?
3, 607
Suppose -30*c + 350417 = -207733. List the prime factors of c.
5, 61
Let o be (-6)/51 - 24978/102. Let z = o - -675. What are the prime factors of z?
2, 5, 43
Let g = -10 + -25. Let n(j) = -2*j**3 + 11*j**2 - 4*j - 10. Let r be n(6). Let o = g - r. What are the prime factors of o?
5, 7
Let g = -151998 - -43854. What are the prime factors of (5/(-3))/(240/g)?
751
Let r(m) = -2*m**2 - 489*m - 480. List the prime factors of r(-99).
3, 7, 19, 71
Let g = -4437 - -9224. List the prime factors of g.
4787
Let m(w) = -w**3 - 5*w**2 - 8*w - 9. Let a be m(-6). Suppose -5*q + 4*t = -145, -2*q + 7*t - 2*t + a = 0. What are the prime factors of 60 + 5*15/q?
3, 7
Suppose 3*c = -4*q + 527 + 1417, 4*q + 4*c = 1944. Suppose 6*i = -q + 180. Let z = i + 133. What are the prime factors of z?
2, 41
Suppose 2*w = -5*j + 12838, 0 = 3*w + 5*j - 23644 + 4382. What are the prime factors of w?
2, 11, 73
What are the prime factors of 5/15 + ((-36)/(-27) - (-207404)/6)?
3, 23, 167
Let n(k) = k**3 - 4*k**2 + 9*k - 52. Let d = -245 + 254. List the prime factors of n(d).
2, 7, 31
Let n = -459 - -461. Suppose -3*r + 1152 = -x, 3*x + 816 - 41 = n*r. What are the prime factors of r?
383
Let g(x) = -x**3 - 11*x**2 + 9*x + 5. Let b = -42 + 30. Let c be g(b). Let p = 45 - c. What are the prime factors of p?
2
Suppose 16*g = n + 20*g - 11763, -2*n = -g - 23562. List the prime factors of n.
11779
Suppose -5*s + 53 = -3*k - 9, 38 = 3*s - 2*k. Suppose -n + s*n - 7056 = 0. 